14. Suppose -w*p + 988 = 54. Is p a prime number?
True
Let m = -5665 - -35700. Is m a composite number?
True
Let n(o) = -4*o - 4. Let j be n(-2). Suppose -j*q + 6*r = r - 32569, r = -4*q + 32563. Is q a composite number?
True
Suppose 5*o = -3*v + 28, 22 - 9 = 3*v + 2*o. Let r be (210/(-50))/(v/5). Let q = r - -40. Is q prime?
True
Suppose n - 5315 = 2*d, 3*n - d + 8308 = 24268. Is n prime?
False
Is (3 - -3) + 9233 - 4 a composite number?
True
Let t = -38 - -43. Suppose -2*n + t*n - 2301 = 0. Is n composite?
True
Suppose 0 = 2*f - 162 - 656. Is f a prime number?
True
Let i(d) = 16*d + 19. Suppose -14 - 10 = -4*w. Is i(w) a prime number?
False
Is (-3 - -4)*(7354 - -1) composite?
True
Suppose 23*v + 73*v - 671520 = 0. Is v prime?
False
Suppose -4*u + 459 = g, 17*u - 12*u = -2*g + 912. Is g a composite number?
True
Suppose -4*s + 40 = -5*s - 4*b, 4*s = -b - 160. Let o = 115 + s. Suppose 2*w = -l + 71, 3*l + o = 4*l + 4*w. Is l a prime number?
True
Let u = -11 - -8. Let y be (-2 - 0/u) + 131. Suppose 5 = -2*l + y. Is l prime?
False
Let s be -3*1/(-3) - -4. Is s*(353 - 0/2) composite?
True
Suppose -5*d - 63 + 1807 = -m, -d + 351 = 2*m. Suppose -5*k + 1568 = -2442. Let c = k + d. Is c composite?
False
Let q(w) = w**3 + 12*w**2 + 11*w + 1. Suppose -2*x - 39 = -o, 5*o + 0*o + 25 = 0. Let t = 12 + x. Is q(t) a prime number?
False
Let r be -1*(-4 - -4902)/(-2). Let w = r - 1088. Is w composite?
False
Let i be 3 + -2 + -510 + -4. Let v be (-930)/(-2 + 25/20). Let b = i + v. Is b composite?
False
Let c(p) = -p**2 + p + 4. Let s be c(3). Let y(v) = 78*v**2 + 5*v. Is y(s) a prime number?
False
Suppose 9 = 3*t, -q = 3*q - 2*t + 2. Let l be 82/2 + q + -2. Suppose 0 = -3*z + 533 + l. Is z composite?
False
Let q(x) = 35*x + 14. Let s(g) = 16*g + 7. Let d(c) = -4*q(c) + 9*s(c). Suppose t = 4*m - 17, -3*t = t + 2*m - 22. Is d(t) composite?
False
Suppose -1 = h, 5*p - 4*p + 5*h - 13286 = 0. Is p a composite number?
False
Suppose -u + 12498 = a, u - 3*a = -8*a + 12494. Is u prime?
False
Let b = -1039 - -1710. Is b a prime number?
False
Let g(x) = -4*x + 24. Let l be g(6). Suppose l = -q + 287 - 54. Is q composite?
False
Let p = 2 - -1755. Is p prime?
False
Let y = -40715 - -15065. Let g = -39587 - y. Is g/(-22) - (-3)/2 composite?
True
Let w = -29545 - -42814. Is w a composite number?
True
Let y(t) = t**2 + 5*t - 15. Suppose -3*b = -13 + 37. Let p be y(b). Let a(k) = 5*k**2 - 9*k + 11. Is a(p) a prime number?
False
Let m = -3313 - -7160. Is m prime?
True
Let m = 7 + -5. Is (-5 - -2)/(m/284*-2) composite?
True
Let y = -81 + 91. Is ((-1711)/2)/(((-5)/1)/y) a prime number?
False
Suppose -5*k = -2*a + 18, -2*a + k - 2*k = -6. Suppose 5*n = -6*d + 4*d + 1517, a*n - 12 = 0. Is d prime?
True
Suppose -2*p - 100 = 3*p. Let t = p + 23. Suppose t*k = -0*k + 705. Is k a prime number?
False
Let m(s) = s**3 - 38*s**2 + 11*s + 55. Is m(48) composite?
False
Let q(u) be the first derivative of u**4/4 + 11*u**3/3 + 2*u**2 - 2*u - 11. Is q(-10) a composite number?
True
Suppose 2*w + 2*m = 12, -2*m - 9 - 3 = -4*w. Let u be ((-2)/(-6))/(w/(-12)). Is 382*u/(-2) - 0 composite?
False
Let t(h) be the third derivative of h**6/60 - h**5/20 + 5*h**3/6 - h**2. Suppose -635 = -10*p - 575. Is t(p) a prime number?
False
Let d(z) = -9*z**2 + 5*z - 2. Let n(y) = -4*y**2 + 3*y - 1. Let r(w) = 2*d(w) - 5*n(w). Let k be r(3). Is 132 + -2 + (k - 3) a prime number?
True
Let z(r) = 2*r**3 - 4*r**2 - 3*r - 5. Let m be z(3). Suppose 4*c = 8, 3*s - m*s = 3*c - 241. Is s a prime number?
False
Suppose 0*k + 522 = 2*k. Let y = -27 - -59. Let b = k + y. Is b a composite number?
False
Let n = 2984 + -2121. Is n a composite number?
False
Let f = 39 + -38. Let h(x) = x - 1 - 2*x + 126*x**2 + 3*x. Is h(f) prime?
True
Let q be (6 - 3) + 1 + -1. Let m be 65/20 + (-1)/4. Suppose -q*w = -54 - m. Is w composite?
False
Let s(i) = -i**2 + 5*i - 1. Let w be s(3). Suppose -w*g = -376 - 1879. Is g composite?
True
Let o = -13 - -2942. Is o a composite number?
True
Let m(z) = 14*z**2 + 5*z - 41. Is m(8) a prime number?
False
Suppose 4*z - 5*z + 3*j + 6943 = 0, -z - j + 6935 = 0. Is z a prime number?
False
Let c = -155 + 6313. Is c prime?
False
Let d be -137 + (2 + -5 - 1). Let t = 124 - d. Is t prime?
False
Suppose -3*c + 6388 + 14549 = 0. Is c prime?
False
Suppose -12*v = -9*v + 48. Is (2154/8)/((-12)/v) a composite number?
False
Suppose 2*z - 3*h - 11 = 0, -6*z - 4*h + 39 = -z. Let t(k) = k**3 - 4*k**2 + 5*k - 4. Let r be t(3). Suppose -r*y + z*y = 1025. Is y a prime number?
False
Let w = 14 - 8. Let t(y) = 2*y**3 - 3*y + 15. Let d be t(-7). Is 2/w - d/3 a composite number?
True
Let b(h) = h - 1. Let p be b(6). Let z(v) = v**2 + 21*v - 11. Let s(a) = a**2 + 11*a - 6. Let d(j) = 5*s(j) - 3*z(j). Is d(p) composite?
False
Let r be 562/7 + 16/(-56). Suppose -4*f + 184 = -r. Is f - (-1 - 0/(-2)) composite?
False
Suppose 5*z + 2*b = 4375, -4*z + 3*b + 354 + 3123 = 0. Suppose 2*r - z = -51. Is r a composite number?
True
Let b(s) = -s**2 + 3*s - 3. Let d be b(1). Is (0/d)/(-1) + -24 + 697 a prime number?
True
Suppose 4*d = 4*n - 24784, -5*d + 13313 + 5283 = 3*n. Is n a prime number?
True
Is ((-2)/(-12))/(1/109362) prime?
False
Let z = 190171 + -116654. Is z prime?
True
Let o = 0 - 1. Let i(f) = -8 + 5 + 0*f - 116*f + 2. Is i(o) a composite number?
True
Suppose -53*u + 4430 = -43*u. Is u prime?
True
Suppose 0 = -49*y + 46*y + 6. Is y prime?
True
Suppose 44*c = 46*c - 4*x - 59414, c = -x + 29722. Is c a prime number?
True
Suppose -4*q + 3 = -5. Suppose q*s - 30 = -4*g, s + s = 2*g. Suppose o + 18 = 2*k, -s*k + 0*o + 46 = -2*o. Is k a prime number?
False
Let l be (-2)/(-9) + 87373/117. Suppose 0 = -5*c + 7778 + l. Suppose -c = -4*p - 29. Is p composite?
False
Suppose 9*u = 5*u + z + 11438, 6*z = -5*u + 14283. Is u composite?
True
Let u(v) = -3792*v**3 + v**2 - v + 1. Let q be u(1). Let c be q/(-9) + 18/(-81). Suppose -5*o = c - 1166. Is o a prime number?
True
Let y = 23641 - 5912. Is y a composite number?
False
Suppose -4*b + 2*y = -3278, 5*b + y = 2*b + 2466. Is b a composite number?
False
Suppose -2*k + 5*w + 7 = 0, -5*k + 5*w - 11 = 2*w. Is (-3 - k)*(3 + 1166) a prime number?
False
Let a(o) = -43*o - 104. Is a(-5) a composite number?
True
Let y = -58 - -61. Is 706/6 - y/(-9) a composite number?
True
Let t = 167069 - 97032. Is t a prime number?
False
Suppose -87 = 4*n - 5*u, 0*n - 3*u + 112 = -5*n. Let b = n + 5. Is (22/6)/((-6)/b) a composite number?
False
Let v be (-136)/(-6)*18/12. Suppose 29*z = v*z - 5855. Is z prime?
True
Let t(o) = o + 6. Let c(u) = u**3 + 4*u**2 - 5*u + 3. Let r be c(-5). Let j be t(r). Is ((-3)/2)/(j/(-24)) a composite number?
True
Let b(k) = 175*k - 253. Is b(18) a composite number?
False
Suppose 0 = -h + 2*w + 601, -w = 7*h - 2*h - 3049. Let f = h - 428. Is f composite?
False
Suppose -3*j - 218 = -5*j. Suppose 3*z = 2*t - 0*z - 74, -t + 2*z + 36 = 0. Let n = t + j. Is n a prime number?
True
Let a be ((-15)/(-2))/(3/6). Suppose -a = -4*w - m, 3*w - 2*m - 4 - 21 = 0. Is (715/w)/(1/1) prime?
False
Suppose 24*x = 9*x + 40785. Is x a prime number?
True
Let h(b) = 63*b**2 + 17*b - 1. Let m(w) = w**3 - 6*w**2 - 4*w - 10. Let r be m(7). Let y(s) = -21*s**2 - 6*s. Let q(t) = r*y(t) + 4*h(t). Is q(3) composite?
False
Let n(p) = p + 165. Is n(26) a prime number?
True
Let w = 2 - 4. Let y = w - -7. Suppose -y*j - 83 = -4*h + 26, -3*h + 90 = -j. Is h a prime number?
True
Suppose -3*q - 4*l + 80479 = 2*q, 16 = -4*l. Is q a composite number?
True
Let j be (4 - (-8)/(-4)) + 3. Suppose 0 = -g, -g - 4*g - 1535 = -j*b. Is b composite?
False
Let a be (1 + 9 - 4) + -3. Suppose a*i - 8 = 4. Suppose -h = -i*h + 1407. Is h composite?
True
Suppose -9*j + 211704 = 3*j. Suppose 4*m + 22 = j. Is m prime?
False
Let k(d) = 6945*d**2 + 12*d - 19. Is k(2) a prime number?
False
Suppose 0 = -8*w - 11 + 19. Is (w - 18812/(-15)) + (-18)/135 prime?
False
Suppose 11*x + 12 = 8*x, x - 296 = -2*q. Let r(j) = j**3 + 7*j**2 - 6*j + 1. Let b be r(-6). Let v = b + q. Is v a prime number?
True
Suppose -5*x = -2*p + 101, 2*p = -x - 17 + 4. Let u = x + 17. Is u*1/2*-941 a composite number?
False
Let i(t) = 13*t**2 - 19*t + 203. Is i(-32) composite?
True
Let u be 52/3 + 14/21. Let r be (-5)/45 + 38/u. Suppose -4*v + 214 = i + 4*i, -r*i + 5*v = -112.